[INFO] cloning repository https://github.com/NavinShrinivas/ShortCode
[INFO] running `Command { std: "git" "-c" "credential.helper=" "-c" "credential.helper=/workspace/cargo-home/bin/git-credential-null" "clone" "--bare" "https://github.com/NavinShrinivas/ShortCode" "/workspace/cache/git-repos/https%3A%2F%2Fgithub.com%2FNavinShrinivas%2FShortCode", kill_on_drop: false }`
[INFO] [stderr] Cloning into bare repository '/workspace/cache/git-repos/https%3A%2F%2Fgithub.com%2FNavinShrinivas%2FShortCode'...
[INFO] running `Command { std: "git" "rev-parse" "HEAD", kill_on_drop: false }`
[INFO] [stdout] d44a553160b2c279a3927b7234f7954d2813288b
[INFO] checking NavinShrinivas/ShortCode against master#e6e4f7ed1589e03bc2f6c5931c1a72e7947e8682 for beta-170-4
[INFO] running `Command { std: "git" "clone" "/workspace/cache/git-repos/https%3A%2F%2Fgithub.com%2FNavinShrinivas%2FShortCode" "/workspace/builds/worker-0-tc2/source", kill_on_drop: false }`
[INFO] [stderr] Cloning into '/workspace/builds/worker-0-tc2/source'...
[INFO] [stderr] done.
[INFO] validating manifest of git repo https://github.com/NavinShrinivas/ShortCode on toolchain e6e4f7ed1589e03bc2f6c5931c1a72e7947e8682
[INFO] running `Command { std: CARGO_HOME="/workspace/cargo-home" RUSTUP_HOME="/workspace/rustup-home" "/workspace/cargo-home/bin/cargo" "+e6e4f7ed1589e03bc2f6c5931c1a72e7947e8682" "metadata" "--manifest-path" "Cargo.toml" "--no-deps", kill_on_drop: false }`
[INFO] started tweaking git repo https://github.com/NavinShrinivas/ShortCode
[INFO] finished tweaking git repo https://github.com/NavinShrinivas/ShortCode
[INFO] tweaked toml for git repo https://github.com/NavinShrinivas/ShortCode written to /workspace/builds/worker-0-tc2/source/Cargo.toml
[INFO] crate git repo https://github.com/NavinShrinivas/ShortCode already has a lockfile, it will not be regenerated
[INFO] running `Command { std: CARGO_HOME="/workspace/cargo-home" RUSTUP_HOME="/workspace/rustup-home" "/workspace/cargo-home/bin/cargo" "+e6e4f7ed1589e03bc2f6c5931c1a72e7947e8682" "fetch" "--manifest-path" "Cargo.toml", kill_on_drop: false }`
[INFO] running `Command { std: "docker" "create" "-v" "/var/lib/crater-agent-workspace/builds/worker-0-tc2/target:/opt/rustwide/target:rw,Z" "-v" "/var/lib/crater-agent-workspace/builds/worker-0-tc2/source:/opt/rustwide/workdir:ro,Z" "-v" "/var/lib/crater-agent-workspace/cargo-home:/opt/rustwide/cargo-home:ro,Z" "-v" "/var/lib/crater-agent-workspace/rustup-home:/opt/rustwide/rustup-home:ro,Z" "-e" "SOURCE_DIR=/opt/rustwide/workdir" "-e" "CARGO_TARGET_DIR=/opt/rustwide/target" "-e" "CARGO_HOME=/opt/rustwide/cargo-home" "-e" "RUSTUP_HOME=/opt/rustwide/rustup-home" "-w" "/opt/rustwide/workdir" "-m" "1610612736" "--user" "0:0" "--network" "none" "ghcr.io/rust-lang/crates-build-env/linux@sha256:19e73879b68f455e41552ea35293514db52ea292d993f571636dbffedb77a1ee" "/opt/rustwide/cargo-home/bin/cargo" "+e6e4f7ed1589e03bc2f6c5931c1a72e7947e8682" "metadata" "--no-deps" "--format-version=1", kill_on_drop: false }`
[INFO] [stdout] 6dbca995a923a3ac4e1b25859d451d772a12b2b53a2999022496d425d7282d69
[INFO] running `Command { std: "docker" "start" "-a" "6dbca995a923a3ac4e1b25859d451d772a12b2b53a2999022496d425d7282d69", kill_on_drop: false }`
[INFO] running `Command { std: "docker" "inspect" "6dbca995a923a3ac4e1b25859d451d772a12b2b53a2999022496d425d7282d69", kill_on_drop: false }`
[INFO] running `Command { std: "docker" "rm" "-f" "6dbca995a923a3ac4e1b25859d451d772a12b2b53a2999022496d425d7282d69", kill_on_drop: false }`
[INFO] [stdout] 6dbca995a923a3ac4e1b25859d451d772a12b2b53a2999022496d425d7282d69
[INFO] running `Command { std: "docker" "create" "-v" "/var/lib/crater-agent-workspace/builds/worker-0-tc2/target:/opt/rustwide/target:rw,Z" "-v" "/var/lib/crater-agent-workspace/builds/worker-0-tc2/source:/opt/rustwide/workdir:ro,Z" "-v" "/var/lib/crater-agent-workspace/cargo-home:/opt/rustwide/cargo-home:ro,Z" "-v" "/var/lib/crater-agent-workspace/rustup-home:/opt/rustwide/rustup-home:ro,Z" "-e" "SOURCE_DIR=/opt/rustwide/workdir" "-e" "CARGO_TARGET_DIR=/opt/rustwide/target" "-e" "CARGO_INCREMENTAL=0" "-e" "RUST_BACKTRACE=full" "-e" "RUSTFLAGS=--cap-lints=forbid" "-e" "RUSTDOCFLAGS=--cap-lints=forbid" "-e" "CARGO_HOME=/opt/rustwide/cargo-home" "-e" "RUSTUP_HOME=/opt/rustwide/rustup-home" "-w" "/opt/rustwide/workdir" "-m" "1610612736" "--user" "0:0" "--network" "none" "ghcr.io/rust-lang/crates-build-env/linux@sha256:19e73879b68f455e41552ea35293514db52ea292d993f571636dbffedb77a1ee" "/opt/rustwide/cargo-home/bin/cargo" "+e6e4f7ed1589e03bc2f6c5931c1a72e7947e8682" "check" "--frozen" "--all" "--all-targets" "--message-format=json", kill_on_drop: false }`
[INFO] [stdout] cbd24e3c940bc2655a625ca710ab7ef4b28ada06ab30468ab297131a57fbee38
[INFO] running `Command { std: "docker" "start" "-a" "cbd24e3c940bc2655a625ca710ab7ef4b28ada06ab30468ab297131a57fbee38", kill_on_drop: false }`
[INFO] [stderr]     Checking ShortCode v0.1.0 (/opt/rustwide/workdir)
[INFO] [stdout] warning: unused imports: `PathBuf`, `Path`, `Result`, `format`
[INFO] [stdout]  --> src/CollectData/collect_data.rs:5:11
[INFO] [stdout]   |
[INFO] [stdout] 5 |     fmt::{format, Result},
[INFO] [stdout]   |           ^^^^^^  ^^^^^^
[INFO] [stdout] ...
[INFO] [stdout] 8 |     path::{Path, PathBuf},
[INFO] [stdout]   |            ^^^^  ^^^^^^^
[INFO] [stdout]   |
[INFO] [stdout]   = note: `#[warn(unused_imports)]` on by default
[INFO] [stdout] 
[INFO] [stdout] 
[INFO] [stdout] warning: unused import: `self`
[INFO] [stdout]  --> src/main.rs:2:33
[INFO] [stdout]   |
[INFO] [stdout] 2 | use CollectData::collect_data::{self, collect_data};
[INFO] [stdout]   |                                 ^^^^
[INFO] [stdout] 
[INFO] [stdout] 
[INFO] [stdout] warning: unused imports: `PathBuf`, `Path`, `Result`, `format`
[INFO] [stdout]  --> src/CollectData/collect_data.rs:5:11
[INFO] [stdout]   |
[INFO] [stdout] 5 |     fmt::{format, Result},
[INFO] [stdout]   |           ^^^^^^  ^^^^^^
[INFO] [stdout] ...
[INFO] [stdout] 8 |     path::{Path, PathBuf},
[INFO] [stdout]   |            ^^^^  ^^^^^^^
[INFO] [stdout]   |
[INFO] [stdout]   = note: `#[warn(unused_imports)]` on by default
[INFO] [stdout] 
[INFO] [stdout] 
[INFO] [stdout] warning: unused import: `self`
[INFO] [stdout]  --> src/main.rs:2:33
[INFO] [stdout]   |
[INFO] [stdout] 2 | use CollectData::collect_data::{self, collect_data};
[INFO] [stdout]   |                                 ^^^^
[INFO] [stdout] 
[INFO] [stdout] 
[INFO] [stdout] error[E0308]: mismatched types
[INFO] [stdout]   --> src/CollectData/collect_data.rs:45:35
[INFO] [stdout]    |
[INFO] [stdout] 45 | fn fetch_git_details(path: &str)->GitDetails{
[INFO] [stdout]    |    -----------------              ^^^^^^^^^^ expected `GitDetails`, found `()`
[INFO] [stdout]    |    |
[INFO] [stdout]    |    implicitly returns `()` as its body has no tail or `return` expression
[INFO] [stdout] 
[INFO] [stdout] 
[INFO] [stdout] error[E0308]: mismatched types
[INFO] [stdout]   --> src/CollectData/collect_data.rs:45:35
[INFO] [stdout]    |
[INFO] [stdout] 45 | fn fetch_git_details(path: &str)->GitDetails{
[INFO] [stdout]    |    -----------------              ^^^^^^^^^^ expected `GitDetails`, found `()`
[INFO] [stdout]    |    |
[INFO] [stdout]    |    implicitly returns `()` as its body has no tail or `return` expression
[INFO] [stdout] 
[INFO] [stdout] 
[INFO] [stdout] error[E0599]: no method named `set_git_staus` found for mutable reference `&mut ProjDetails` in the current scope
[INFO] [stdout]   --> src/CollectData/collect_data.rs:71:18
[INFO] [stdout]    |
[INFO] [stdout] 71 |     detailstruct.set_git_staus(fetch_git_status(path))
[INFO] [stdout]    |                  ^^^^^^^^^^^^^ method not found in `&mut ProjDetails`
[INFO] [stdout] 
[INFO] [stdout] 
[INFO] [stdout] warning: unused import: `ops::RangeBounds`
[INFO] [stdout]  --> src/CollectData/collect_data.rs:7:5
[INFO] [stdout]   |
[INFO] [stdout] 7 |     ops::RangeBounds,
[INFO] [stdout]   |     ^^^^^^^^^^^^^^^^
[INFO] [stdout] 
[INFO] [stdout] 
[INFO] [stdout] error: aborting due to 2 previous errors; 3 warnings emitted
[INFO] [stdout] 
[INFO] [stdout] 
[INFO] [stdout] Some errors have detailed explanations: E0308, E0599.
[INFO] [stdout] 
[INFO] [stdout] For more information about an error, try `rustc --explain E0308`.
[INFO] [stdout] 
[INFO] [stderr] error: could not compile `ShortCode` (bin "ShortCode" test) due to 3 previous errors; 3 warnings emitted
[INFO] [stderr] warning: build failed, waiting for other jobs to finish...
[INFO] [stdout] error[E0599]: no method named `set_git_staus` found for mutable reference `&mut ProjDetails` in the current scope
[INFO] [stdout]   --> src/CollectData/collect_data.rs:71:18
[INFO] [stdout]    |
[INFO] [stdout] 71 |     detailstruct.set_git_staus(fetch_git_status(path))
[INFO] [stdout]    |                  ^^^^^^^^^^^^^ method not found in `&mut ProjDetails`
[INFO] [stdout] 
[INFO] [stdout] 
[INFO] [stdout] warning: unused import: `ops::RangeBounds`
[INFO] [stdout]  --> src/CollectData/collect_data.rs:7:5
[INFO] [stdout]   |
[INFO] [stdout] 7 |     ops::RangeBounds,
[INFO] [stdout]   |     ^^^^^^^^^^^^^^^^
[INFO] [stdout] 
[INFO] [stdout] 
[INFO] [stdout] error: aborting due to 2 previous errors; 3 warnings emitted
[INFO] [stdout] 
[INFO] [stdout] 
[INFO] [stdout] Some errors have detailed explanations: E0308, E0599.
[INFO] [stdout] 
[INFO] [stdout] For more information about an error, try `rustc --explain E0308`.
[INFO] [stdout] 
[INFO] [stderr] error: could not compile `ShortCode` (bin "ShortCode") due to 3 previous errors; 3 warnings emitted
[INFO] running `Command { std: "docker" "inspect" "cbd24e3c940bc2655a625ca710ab7ef4b28ada06ab30468ab297131a57fbee38", kill_on_drop: false }`
[INFO] running `Command { std: "docker" "rm" "-f" "cbd24e3c940bc2655a625ca710ab7ef4b28ada06ab30468ab297131a57fbee38", kill_on_drop: false }`
[INFO] [stdout] cbd24e3c940bc2655a625ca710ab7ef4b28ada06ab30468ab297131a57fbee38
